f 116229?
3, 17, 43, 53
What are the prime factors of 6352?
2, 397
What are the prime factors of 3325?
5, 7, 19
List the prime factors of 13676.
2, 13, 263
List the prime factors of 4169.
11, 379
List the prime factors of 6321.
3, 7, 43
List the prime factors of 46164.
2, 3, 3847
What are the prime factors of 1035?
3, 5, 23
List the prime factors of 4772.
2, 1193
What are the prime factors of 1398?
2, 3, 233
What are the prime factors of 7830?
2, 3, 5, 29
List the prime factors of 2226.
2, 3, 7, 53
List the prime factors of 3211.
13, 19
What are the prime factors of 7531?
17, 443
List the prime factors of 8053.
8053
What are the prime factors of 1180?
2, 5, 59
What are the prime factors of 16620?
2, 3, 5, 277
List the prime factors of 5582.
2, 2791
List the prime factors of 6090.
2, 3, 5, 7, 29
List the prime factors of 938.
2, 7, 67
What are the prime factors of 11352?
2, 3, 11, 43
What are the prime factors of 26423?
26423
What are the prime factors of 795?
3, 5, 53
List the prime factors of 110582.
2, 55291
List the prime factors of 1920.
2, 3, 5
List the prime factors of 1177.
11, 107
List the prime factors of 1756.
2, 439
What are the prime factors of 18436?
2, 11, 419
What are the prime factors of 343?
7
What are the prime factors of 2298?
2, 3, 383
List the prime factors of 1271.
31, 41
What are the prime factors of 38?
2, 19
What are the prime factors of 11891?
11, 23, 47
What are the prime factors of 782?
2, 17, 23
List the prime factors of 96.
2, 3
What are the prime factors of 13668?
2, 3, 17, 67
What are the prime factors of 4339?
4339
List the prime factors of 12873.
3, 7, 613
What are the prime factors of 2687?
2687
List the prime factors of 4614.
2, 3, 769
What are the prime factors of 10142?
2, 11, 461
What are the prime factors of 1441?
11, 131
List the prime factors of 141152.
2, 11, 401
What are the prime factors of 589?
19, 31
List the prime factors of 9884.
2, 7, 353
List the prime factors of 62771.
41, 1531
What are the prime factors of 110259?
3, 12251
What are the prime factors of 2159?
17, 127
What are the prime factors of 51564?
2, 3, 4297
What are the prime factors of 1335?
3, 5, 89
What are the prime factors of 15037?
11, 1367
List the prime factors of 63597.
3, 17, 29, 43
What are the prime factors of 1366?
2, 683
What are the prime factors of 522?
2, 3, 29
What are the prime factors of 3903?
3, 1301
List the prime factors of 1719.
3, 191
What are the prime factors of 11242?
2, 7, 11, 73
List the prime factors of 2098.
2, 1049
List the prime factors of 2358.
2, 3, 131
List the prime factors of 1853.
17, 109
List the prime factors of 1124.
2, 281
List the prime factors of 10824.
2, 3, 11, 41
What are the prime factors of 1654?
2, 827
What are the prime factors of 16842?
2, 3, 7, 401
What are the prime factors of 312?
2, 3, 13
List the prime factors of 15534.
2, 3, 863
List the prime factors of 8639.
53, 163
What are the prime factors of 20823?
3, 11, 631
What are the prime factors of 8135?
5, 1627
What are the prime factors of 1598?
2, 17, 47
List the prime factors of 3215.
5, 643
What are the prime factors of 57408?
2, 3, 13, 23
List the prime factors of 12516.
2, 3, 7, 149
List the prime factors of 16285.
5, 3257
What are the prime factors of 4543?
7, 11, 59
List the prime factors of 91259.
7, 13037
What are the prime factors of 8285?
5, 1657
List the prime factors of 111307.
7, 15901
List the prime factors of 722.
2, 19
List the prime factors of 9133.
9133
What are the prime factors of 633?
3, 211
What are the prime factors of 21632?
2, 13
List the prime factors of 2484.
2, 3, 23
What are the prime factors of 1356?
2, 3, 113
List the prime factors of 987.
3, 7, 47
What are the prime factors of 4252?
2, 1063
List the prime factors of 3479.
7, 71
What are the prime factors of 67?
67
What are the prime factors of 3988?
2, 997
What are the prime factors of 12209?
29, 421
What are the prime factors of 1218?
2, 3, 7, 29
List the prime factors of 81308.
2, 20327
List the prime factors of 20100.
2, 3, 5, 67
What are the prime factors of 13089?
3, 4363
What are the prime factors of 313?
313
List the prime factors of 636.
2, 3, 53
List the prime factors of 722.
2, 19
What are the prime factors of 86444?
2, 21611
List the prime factors of 36987.
3, 12329
List the prime factors of 1293.
3, 431
List the prime factors of 326.
2, 163
What are the prime factors of 1949?
1949
What are the prime factors of 27908?
2, 6977
List the prime factors of 29087.
17, 29, 59
List the prime factors of 15377.
15377
List the prime factors of 1295.
5, 7, 37
List the prime factors of 32414.
2, 19, 853
What are the prime factors of 64606?
2, 32303
List the prime factors of 817.
19, 43
List the prime factors of 27533.
11, 2503
What are the prime factors of 9528?
2, 3, 397
List the prime factors of 12987.
3, 13, 37
What are the prime factors of 6383?
13, 491
What are the prime factors of 36575?
5, 7, 11, 19
What are the prime factors of 407?
11, 37
List the prime factors of 30515.
5, 17, 359
List the prime factors of 962.
2, 13, 37
List the prime factors of 2949.
3, 983
What are the prime factors of 5002?
2, 41, 61
What are the prime factors of 37533?
3, 12511
List the prime factors of 1434.
2, 3, 239
What are the prime factors of 16404?
2, 3, 1367
What are the prime factors of 15807?
3, 11, 479
List the prime factors of 412.
2, 103
List the prime factors of 6031.
37, 163
List the prime factors of 219.
3, 73
What are the prime factors of 3459?
3, 1153
List the prime factors of 17331.
3, 53, 109
List the prime factors of 85546.
2, 42773
What are the prime factors of 1049?
1049
List the prime factors of 43636.
2, 10909
What are the prime factors of 617?
617
What are the prime factors of 34038?
2, 3, 31, 61
List the prime factors of 63221.
191, 331
List the prime factors of 89730.
2, 3, 5, 997
What are the prime factors of 82574?
2, 19, 41, 53
What are the prime factors of 2084?
2, 521
List the prime factors of 24334.
2, 23
What are the prime factors of 59131?
29, 2039
What are the prime factors of 22244?
2, 67, 83
What are the prime factors of 422?
2, 211
What are the prime factors of 131?
131
What are the prime factors of 31692?
2, 3, 19, 139
List the prime factors of 153785.
5, 30757
List the prime factors of 2679.
3, 19, 47
List the prime factors of 6015.
3, 5, 401
What are the prime factors of 41236?
2, 13, 61
What are the prime factors of 10572?
2, 3, 881
What are the prime factors of 7509?
3, 2503
List the prime factors of 14852.
2, 47, 79
List the prime factors of 3999.
3, 31, 43
List the prime factors of 4777.
17, 281
List the prime factors of 10281.
3, 23, 149
What are the prime factors of 59998?
2, 131, 229
List the prime factors of 39413.
11, 3583
List the prime factors of 39997.
23, 37, 47
What are the prime factors of 2240?
2, 5, 7
What are the prime factors of 46896?
2, 3, 977
What are the prime factors of 20120?
2, 5, 503
What are the prime factors of 5581?
5581
What are the prime factors of 8834?
2, 7, 631
List the prime factors of 5093.
11, 463
What are the prime factors of 13382?
2, 6691
List the prime factors of 10307.
11, 937
What are the prime factors of 3172?
2, 13, 61
What are the prime factors of 343?
7
What are the prime factors of 86178?
2, 3, 53, 271
What are the prime factors of 41278?
2, 20639
List the prime factors of 93317.
7, 13331
List the prime factors of 4002.
2, 3, 23, 29
What are the prime factors of 31481?
31481
List the prime factors of 1264.
2, 79
List the prime factors of 16674.
2, 3, 7, 397
List the prime factors of 73757.
73757
What are the prime factors of 36?
2, 3
What are the prime factors of 19811?
11, 1801
What are the prime factors of 16546?
2, 8273
What are the prime factors of 3533?
3533
What are the prime factors of 9528?
2, 3, 397
What are the prime factors of 607?
607
What are the prime factors of 58822?
2, 29411
List the prime factors of 197480.
2, 5, 4937
List the prime factors of 541.
541
What are the prime factors of 658?
2, 7, 47
List the prime factors of 14274.
2, 3, 13, 61
List the prime factors of 417.
3, 139
What are the prime factors of 998?
2, 499
What are the prime factors of 13035?
3, 5, 11, 79
What are the prime factors of 1124?
2, 281
List the prime factors of 25048.
2, 31, 101
